{"id":761,"date":"2026-02-24T22:51:28","date_gmt":"2026-02-24T22:51:28","guid":{"rendered":"https:\/\/yosoylulu.com\/?post_type=product&#038;p=761"},"modified":"2026-03-07T04:28:36","modified_gmt":"2026-03-07T04:28:36","slug":"entrenamientos-alquimia-del-exito","status":"publish","type":"product","link":"https:\/\/yosoylulu.com\/?product=entrenamientos-alquimia-del-exito","title":{"rendered":"Alquimia del \u00c9xito"},"content":{"rendered":"","protected":false},"excerpt":{"rendered":"<p>Los entrenamientos de Alquimia del \u00c9xito son experiencias transformadoras<br \/>\ndise\u00f1adas para reprogramar tu mentalidad, activar tu poder personal y convertir tu<br \/>\nvisi\u00f3n en resultados reales. No es solo teor\u00eda \u2014 es pr\u00e1ctica, enfoque y expansi\u00f3n<br \/>\ninterna.<br \/>\n\u00bfQu\u00e9 incluyen?<br \/>\n\u2022 Mentalidad de \u00e9xito y desbloqueo de creencias<br \/>\n\u2022 Claridad de prop\u00f3sito y direcci\u00f3n estrat\u00e9gica<br \/>\n\u2022 Productividad consciente y h\u00e1bitos de alto valor<br \/>\n\u2022 Energ\u00eda, confianza y liderazgo en las ventas<br \/>\nBeneficios del curso<\/p>\n<p>\uf0b7 M\u00e1s enfoque y decisiones alineadas<br \/>\n\uf0b7 Eliminaci\u00f3n de autosabotaje<br \/>\n\uf0b7 Mayor disciplina y constancia<br \/>\n\uf0b7 Seguridad para avanzar y materializar metas<br \/>\n\uf0b7 Resultados visibles en tu vida personal y profesional<br \/>\nEste curso es para ti si\u2026<br \/>\n\u2022 Sientes que puedes dar m\u00e1s pero algo te frena<br \/>\n\u2022 Quieres resultados, no solo motivaci\u00f3n<br \/>\n\u2022 Deseas elevar tu nivel de vida y mentalidad en los negocios<br \/>\nInvierte en tu transformaci\u00f3n<br \/>\nNo cambias tu vida esperando\u2026 la cambias decidiendo.<\/p>\n<p>Inscr\u00edbete en Alquimia del \u00c9xito y comienza tu expansi\u00f3n hoy.<\/p>\n<p>Tu siguiente nivel no es casualidad, es elecci\u00f3n.<br \/>\nInscribete en la lista de espera alquimiadelexito@yosoylulu.com<\/p>\n","protected":false},"featured_media":806,"comment_status":"open","ping_status":"closed","template":"","meta":[],"product_brand":[],"product_cat":[],"product_tag":[],"class_list":{"0":"post-761","1":"product","2":"type-product","3":"status-publish","4":"has-post-thumbnail","7":"first","8":"instock","9":"shipping-taxable","10":"product-type-simple"},"_links":{"self":[{"href":"https:\/\/yosoylulu.com\/index.php?rest_route=\/wp\/v2\/product\/761","targetHints":{"allow":["GET"]}}],"collection":[{"href":"https:\/\/yosoylulu.com\/index.php?rest_route=\/wp\/v2\/product"}],"about":[{"href":"https:\/\/yosoylulu.com\/index.php?rest_route=\/wp\/v2\/types\/product"}],"replies":[{"embeddable":true,"href":"https:\/\/yosoylulu.com\/index.php?rest_route=%2Fwp%2Fv2%2Fcomments&post=761"}],"wp:featuredmedia":[{"embeddable":true,"href":"https:\/\/yosoylulu.com\/index.php?rest_route=\/wp\/v2\/media\/806"}],"wp:attachment":[{"href":"https:\/\/yosoylulu.com\/index.php?rest_route=%2Fwp%2Fv2%2Fmedia&parent=761"}],"wp:term":[{"taxonomy":"product_brand","embeddable":true,"href":"https:\/\/yosoylulu.com\/index.php?rest_route=%2Fwp%2Fv2%2Fproduct_brand&post=761"},{"taxonomy":"product_cat","embeddable":true,"href":"https:\/\/yosoylulu.com\/index.php?rest_route=%2Fwp%2Fv2%2Fproduct_cat&post=761"},{"taxonomy":"product_tag","embeddable":true,"href":"https:\/\/yosoylulu.com\/index.php?rest_route=%2Fwp%2Fv2%2Fproduct_tag&post=761"}],"curies":[{"name":"wp","href":"https:\/\/api.w.org\/{rel}","templated":true}]}}